Suppose 7*k - 322 - 2086 = 0. What are the prime factors of k?
2, 43
Let x be ((-12)/(-2))/(0 - 1). Let y = 12 + x. List the prime factors of y.
2, 3
Suppose 4*w = -2*m - 6, -2*m - 2*m + w = -6. What are the prime factors of m/(-3 + 110/36)?
2, 3
Let p(y) = -y**3 - 5*y**2 + 5*y - 5. Let l be p(-6). Let s(b) = b**2 - 3*b + 1. Let v be s(2). List the prime factors of 1 - l - (v - 5).
2, 3
Let m(l) = l**3 + 8*l**2 + 4*l + 9. What are the prime factors of m(-7)?
2, 3, 5
Let n = 348 - 153. What are the prime factors of n?
3, 5, 13
Suppose 0 = -0*u - 2*u - 14. Let y = u + 12. Suppose -2*i - y = -3*i. What are the prime factors of i?
5
Let x(o) be the first derivative of -10*o**2 + o + 4. What are the prime factors of x(-1)?
3, 7
Suppose -5*m = -0*m - 375. Suppose -4*t = t - m. Suppose -2*s + t + 3 = 0. What are the prime factors of s?
3
List the prime factors of 3/(-9) + (-187)/(-3).
2, 31
Suppose 5 = q, -5*q + 8 - 31 = -2*d. Let n = -15 + d. List the prime factors of n.
3
Let f(z) = -2*z + 5. Suppose -18 = 3*n - n. What are the prime factors of f(n)?
23
Suppose -3*i + 152 = -16. What are the prime factors of i?
2, 7
Suppose 0 = -2*d + 5*d - 12. List the prime factors of 34/(-1)*(-2)/d.
17
Let g(c) = -c**3 + c**2 + 2. List the prime factors of g(0).
2
Let r(h) = -2*h**3 - h**2 + 1. Let p = -6 + 5. Let f be r(p). Let y(d) = 7*d - 2. What are the prime factors of y(f)?
2, 3
Suppose -2*a + 4*x - 22 = 0, 2*a + 2*a = 2*x - 20. Let c be (-53)/(-3) - a/9. Suppose -w + c = 2*w. What are the prime factors of w?
2, 3
Let o(u) = -u**3 - 5*u**2 - 3*u - 2. What are the prime factors of o(-5)?
13
Let o be (-3)/((-6)/(-4)) - 30. Let y = 35 - 56. Let q = y - o. What are the prime factors of q?
11
Let s = 9 - 4. Suppose -s*x + 15 = -3*b - 26, x - 3*b - 1 = 0. List the prime factors of x.
2, 5
Let h = -5 + 94. List the prime factors of h.
89
Suppose 2*v - 6*i + 2*i - 404 = 0, -5*v = 5*i - 1070. What are the prime factors of v?
2, 3, 5, 7
Suppose 9*p - 4*p - 10 = 0. Suppose -2*n + 117 = 3*u - 5*n, 4*n = p*u - 70. Let x = u + -26. What are the prime factors of x?
17
Let i(j) = 8*j - 8. What are the prime factors of i(10)?
2, 3
Let b be (-11 - 6/2) + 0. Let q = b + 20. What are the prime factors of q?
2, 3
Suppose 27 = 4*n - n + 4*y, 0 = 3*n + 3*y - 24. What are the prime factors of -2*(4 + -3 - n)?
2
Suppose 4*x + 3*u - 133 = 0, 2*x + 0*u = -2*u + 68. List the prime factors of x.
31
Let f(d) = -d**3 - 1. List the prime factors of f(-3).
2, 13
Suppose 2*i + 22 + 22 = 0. Let k = i + 13. What are the prime factors of (k/(-5))/(4/20)?
3
Suppose -2*a - 7*u = -3*u + 12, -3*u - 9 = -4*a. Suppose 4 = -a*z + 2*z. Suppose 7*b - z*b - 80 = 0. List the prime factors of b.
2
Suppose 2*q - 3*a - 396 = 0, -4*q + 458 + 370 = 3*a. List the prime factors of q.
2, 3, 17
Suppose -3*f + 52 = 5*i - 13, 0 = -5*i + 2*f + 40. List the prime factors of i.
2, 5
Let n = 5 - -10. Suppose -5*f + k = -20, 7*k - 4*k + n = 0. List the prime factors of f.
3
Suppose d + 0*d = 0. Suppose -5*i + 45 = -d*i. What are the prime factors of i?
3
Let f(a) = -a**3 - 2*a**2 - 1. Let j be f(-3). Let w(x) = x**2 + 2*x - 4. Let r be w(-3). Let s = j + r. List the prime factors of s.
7
Let d = -148 - -213. Suppose 5*v + 0*v - d = 0. List the prime factors of v.
13
Let x(c) = -2*c + 3. Let w(h) = 2*h - 4. Let v(t) = 4*w(t) + 3*x(t). What are the prime factors of v(8)?
3
Let b be 27/(-9)*(-2)/3. Let p be b + -3 + -1 - 24. Let t = -6 - p. List the prime factors of t.
2, 5
Let a(w) be the first derivative of w**2/2 + 6*w - 2. Let t be a(0). Suppose t = j - 6. What are the prime factors of j?
2, 3
Suppose 0 = -a - 0*a + 2*s - 11, a = -3*s + 9. Let d be ((-7)/(-2 - a))/1. Let l(i) = -i**2 - 8*i + 9. What are the prime factors of l(d)?
2
Let a = 17 - 5. Suppose a - 4 = 4*j. Suppose -c - l = -j*l - 11, -3*l = 2*c - 17. What are the prime factors of c?
2, 5
List the prime factors of (2 + 27/(-6))*(-96)/15.
2
Suppose -33 = -4*h - 9. Let d(c) = -c + 8. Let x be d(h). Suppose 3*g = 3*z + 24, g = -x*g - z + 8. List the prime factors of g.
2
Let m be 2/(2 + (2 - 2)). Let l be (-18)/(-2) + (3 - m). Suppose -3*u + 38 = l. List the prime factors of u.
3
Suppose -4*x - 23 + 219 = 0. Let f = x + -30. Suppose -f = -3*h - 1. List the prime factors of h.
2, 3
Let c = -24 + 65. What are the prime factors of c?
41
Suppose 2*w = 3*j - w + 114, -3*j = -4*w + 119. Let y = -19 - j. What are the prime factors of y?
2, 7
Let n be (-64 + 0)*(-9)/6. Suppose -h + n = 3*h. What are the prime factors of h?
2, 3
Suppose 5*v = z + 1444, 0 = 4*v - 4*z - 473 - 679. List the prime factors of v.
17
Let a = -13 - -16. Let y(q) = 3*q. Let f be y(2). Suppose f*i = a*i + 18. What are the prime factors of i?
2, 3
Suppose 3*x - 1 = 5. Suppose -3*d + 0 = x*t - 3, -3*t + 12 = 3*d. List the prime factors of t.
3
Let b(o) = 6*o + 48. List the prime factors of b(7).
2, 3, 5
Let q = 1 + 0. Let t = q - -1. Suppose 0 = -3*j - p + 23, 0 = -t*p - 4 + 2. What are the prime factors of j?
2
Let y = -33 + 47. Suppose 0*n = n - y. What are the prime factors of n?
2, 7
Let y = -6 - -10. Suppose f - 1 = y*m - 53, -5*f = 3*m - 62. What are the prime factors of m?
2, 7
Let q(z) = -z**3 + 4*z**2 - z + 3. List the prime factors of q(3).
3
Let c be -43 - (0 - (-1 + 2)). Let o = -28 - c. What are the prime factors of o?
2, 7
Let v be ((-44)/(-3))/((-1)/3). Let p be (3/(-2))/(2/v). Suppose p = 3*y - 3. What are the prime factors of y?
2, 3
Suppose 0 = -5*n + 111 + 39. What are the prime factors of n?
2, 3, 5
Suppose x - 290 = -4*x. Suppose b - 16 = 24. Let a = x - b. List the prime factors of a.
2, 3
Suppose 3*b - 38 - 3 = 2*v, -4*v - 30 = -2*b. List the prime factors of b.
13
Let n be 216/16 + 1/2. Let v = n + -3. What are the prime factors of v?
11
Suppose -5*n + 539 - 226 = -3*w, w = -2*n + 123. List the prime factors of n.
2, 31
Suppose -2*y + 3*y = 3*k + 25, -2*y = -k - 10. Let s = k + 13. List the prime factors of s.
5
Let p(y) = 11 - y - 14*y**3 + 2*y + 13*y**3 + 11*y**2. What are the prime factors of p(11)?
2, 11
Suppose 0 = 3*g - 15, d = -9*g + 4*g + 32. What are the prime factors of d?
7
Suppose 61 + 124 = q. Suppose -5*k = 5 - q. What are the prime factors of k?
2, 3
Let x(g) = -g**2 + g + 6. Let u be 6/(-27) + (-43)/9. Let f be x(u). Let l = f - -41. What are the prime factors of l?
17
Suppose -4*x + 19 = -5. Let j(s) = -s**3 + 7*s**2 - 6*s. Let n be j(x). Suppose -3*i - f - 3*f + 9 = 0, n = -4*i - 3*f + 12. List the prime factors of i.
3
Let n(r) = -5 - r + 4*r - r**3 - 8*r**2 - 5*r. Let w(v) = 2*v**3 + 3*v**2 + v - 2. Let d be w(-2). What are the prime factors of n(d)?
11
Let l = -329 - -548. What are the prime factors of l?
3, 73
Suppose -2*m + 3*m - z = 36, -3*z = -4*m + 143. List the prime factors of 116/10 + 14/m.
2, 3
Let b(u) = -u + 3. Suppose 3*c - 3*n - 17 = -c, 0 = -4*c - 3*n + 23. Suppose q = c, 2 - 5 = t + q. List the prime factors of b(t).
11
Let x(q) = -2*q - 2. Let a be x(-2). List the prime factors of -2 + (-20 + a)/(-2).
7
Let q(w) = -w - 1. Let y be q(-5). Suppose 7*h - y*h = 12. Let n = 0 + h. List the prime factors of n.
2
Let q = -82 - -222. List the prime factors of q.
2, 5, 7
Suppose 2*n + 4*j - 18 = 0, 5*n - 4 = 3*n + 3*j. Suppose n*a = 6*a - 63. Suppose 5*q - a = -8. List the prime factors of q.
11
Let q(t) = t**2 + 3*t + 4. Let m be q(-3). Let p = 1 - m. List the prime factors of (-218)/(-12) - p/(-18).
2, 3
List the prime factors of 94*((-15)/(-10))/3.
47
Let f be (-10)/(-4)*32/20. Suppose -f*r + 8*r = 96. List the prime factors of r.
2, 3
Suppose -2*i - 2*i + 216 = 0. What are the prime factors of i?
2, 3
Suppose 0 = -3*f + 6*l - 2*l - 12, 12 = 4*f + 4*l. Suppose -u = -15 - f. What are the prime factors of u?
3, 5
Let t be -1*3*(-1 - 1). Let m(s) = 5*s**2 - 4*s + 2. Let p be m(2). Suppose -3*c = 0, p + t = 5*z + 3*c. What are the prime factors of z?
2
What are the prime factors of (5 - -1)*(-16)/(-6)?
2
Let s = 81 - 46. List the prime factors of s.
5, 7
Let z be -1 - 4/((-12)/21). Let x(n) = n - 4. What are the prime factors of x(z)?
2
What are the prime factors of (21/9)/(7/252)?
2, 3, 7
Let n(a) be the first derivative of a**4/6 - a**3/3 + a**2/2 + 3*a - 1. Let h(p) be the first derivative of n(p). List the prime factors of h(2).
5
Let j =